 b(o)?
29
Suppose 3*c - c = 0. Suppose a + c*a = 0. Suppose -5*r + 25 + 5 = a. Calculate the remainder when r is divided by 4.
2
Suppose 4*a = -4*n + 796, 2*n + 66 - 263 = -a. Calculate the remainder when a is divided by 29.
27
Suppose 0 = p - s, -4*p - 5*s = -58 + 13. Let d = -488 - -512. Calculate the remainder when d is divided by p.
4
Let q be (-2 - -3)/(4/1004). What is the remainder when q/4 + (-6)/144*-6 is divided by 17?
12
Suppose -5*t + 20 = b, -5*t = -2*t + 4*b - 29. Suppose -3*u + 18 = -t. Calculate the remainder when 34 is divided by u.
6
Suppose 1 - 6 = 5*i, -4*s + 3*i - 21 = 0. Let h be 1*s*1/2. What is the remainder when 21 - (h - -1 - -1) is divided by 12?
10
Suppose c = -3*h + 2*h - 47, -c + 213 = -4*h. Let n = 85 + h. What is the remainder when n is divided by 9?
6
Let u be 3*((-188)/6 + 3). Let j = -8 - u. Calculate the remainder when j is divided by 20.
17
What is the remainder when 178 is divided by (-120)/60*(-13)/2?
9
Let g be 0/(5 + 8/(-4)). Suppose g = 3*a - 6*a - 9. Let u = a - -11. What is the remainder when 23 is divided by u?
7
Let d(p) be the third derivative of -p**6/120 + 7*p**5/60 + 11*p**4/24 - 3*p**3/2 - 22*p**2. What is the remainder when 119 is divided by d(8)?
14
Let a(f) = 406*f - 29. Calculate the remainder when a(1) is divided by 20.
17
Suppose 2*g + g - 144 = 0. Suppose 28*m - 35*m + 126 = 0. What is the remainder when g is divided by m?
12
Let k(y) = y**3 - 4*y**2 + 2*y - 6. Let i be k(4). Calculate the remainder when ((-21)/i)/((-24)/112) is divided by 17.
15
Suppose -17*u + 0*u + 102 = 0. What is the remainder when 58 is divided by u?
4
Suppose 0*n - 3*a = -3*n + 114, a = 5. Let s = n + -10. What is the remainder when s is divided by 10?
3
Let i(d) = 197*d**3 + 5*d**2 - d - 9. Let n(l) = -99*l**3 - 2*l**2 + 4. Let v(s) = -2*i(s) - 5*n(s). What is the remainder when v(1) is divided by 34?
33
Let q = -30 - -42. What is the remainder when 0 + (3 + -4 - -3) - -18 is divided by q?
8
Let a(j) = 3*j**2 - 4*j - 4. Let r be a(-1). Calculate the remainder when 41*r*6/9 is divided by 17.
14
Let n be (3 + -1)*(-340)/(-8). Suppose -a + 0*r + 25 = r, 5*r = 5*a - n. Calculate the remainder when a is divided by 105/28 - ((-6)/(-8) + -1).
1
Let y(a) = -2*a**2 - a + 16. What is the remainder when 175 is divided by y(0)?
15
Let y(f) be the third derivative of -f**4/8 - 7*f**3/3 - 2*f**2. Suppose n = 6 + 9. Calculate the remainder when n is divided by y(-6).
3
Let r be 126/(-6) - (-1 + 3 + -6). Let f = -1 - r. Calculate the remainder when 60 is divided by f.
12
Suppose 14*s = 96*s - 1476. Calculate the remainder when 2015 is divided by s.
17
Suppose -5*u = 3*x + 35, 0 = -u + 5*x + 8 + 13. Let j(n) = n**3 + 3*n**2 - 5*n + 2. Calculate the remainder when 15 is divided by j(u).
3
Let f(c) = c + 12. Let k(u) = -2*u**3 + 23*u**2 - 11*u + 7. Let p be k(11). Calculate the remainder when 75 is divided by f(p).
18
Let g = -89 - -136. Suppose -5*s + g = 2*r, 53 = 2*r - s - 0*s. Calculate the remainder when r is divided by 15.
11
Suppose 5*k = 2*s - 249, 5*k - 605 = -24*s + 19*s. Calculate the remainder when s is divided by 9.
5
Let a = 152 + -89. What is the remainder when 60 is divided by (-42)/a*(-42)/4?
4
Let s = -38 - -87. What is the remainder when 95 is divided by s?
46
Suppose -b + 0*v = 2*v - 218, -1117 = -5*b - v. Suppose 3*h = z - 66, -3*z + 13 = 4*h - b. Calculate the remainder when z is divided by 19.
18
Let t = 437 - 390. Calculate the remainder when t is divided by 43.
4
Let g(s) = -5*s**2 + 134*s - 21. What is the remainder when g(17) is divided by 48?
44
What is the remainder when 3/(-6)*(-48)/(-18)*-768 is divided by 41?
40
Suppose -3*p + 351 = -4*i - 0*i, i + 455 = 4*p. Calculate the remainder when p is divided by 21.
8
Suppose 2*v - 5*p - 32 = -9*p, -5*p = 5*v - 100. Calculate the remainder when 62 is divided by v.
14
Let o(c) = -c**3 - c**2 + 10*c - 5. Let f be (-24)/(-3)*-1 + 2. Let g be o(f). What is the remainder when -3 - (3 - (-2 + g)) is divided by 27?
26
What is the remainder when (-4347)/(-92) + 2/(-8) is divided by 17?
13
Suppose 3*v + 29 - 116 = 0. Let a = 315 - 229. What is the remainder when a is divided by v?
28
Let f = -53 + 43. What is the remainder when 47 is divided by (-10)/((-40)/12) - (1 + f)?
11
Suppose 0 = 7*f - 17 - 39. Suppose 88 + 528 = f*h. Calculate the remainder when h is divided by ((-10)/6)/((-3)/36).
17
Let c = 45 + -51. Calculate the remainder when 11 is divided by (64/60 + c/15)*6.
3
Let h(c) = 26*c + 82. Calculate the remainder when 230 is divided by h(-3).
2
Let d = 323 + -232. Calculate the remainder when d is divided by 23.
22
Let t(i) = 3*i**3 - i**2 + i. Calculate the remainder when 149 is divided by t(2).
17
Let z = -617 + 902. What is the remainder when z is divided by 25?
10
Suppose 3*b + r - 17 = 0, 0 = -4*b + 2*r - 0*r + 6. Let m(v) = v**3 + 3*v**2 - 8*v + 2. What is the remainder when m(b) is divided by 17?
14
Suppose -3*y - 27 = -2*j + 2, -3*j = -y - 61. What is the remainder when (84/10)/(-2 + (-55)/(-25)) is divided by j?
20
Suppose 22*k - 368 = 14*k. Calculate the remainder when 178 is divided by k.
40
Let z be 110/(-3) - 34/(-51). Let d = z + 24. Let m = d + 16. What is the remainder when 10 is divided by m?
2
Suppose 4*x = -0*x - 12. Let l = x + 12. Let i = -5 - -8. Calculate the remainder when l is divided by i.
0
Suppose 0 = 3*d + 6, -3*i + 6 + 10 = 4*d. What is the remainder when 23 is divided by i?
7
Let l = -30 + 37. Suppose 3*t - 12 = l*t. Calculate the remainder when 8 is divided by 1 + -4 + 11 + t.
3
Let q be (-26)/(-5) + 7/(-35). Let f = 0 + q. What is the remainder when 19 is divided by f?
4
Suppose 3*a = -3*v + 390, 0 = -2*v - 3*v - 4*a + 655. Suppose 3*w = v + 156. What is the remainder when w is divided by 20?
17
Suppose p = 3*q + 22, p = -0*p + q + 14. Suppose -4*a - 5*d = -16 - 0, a + d - 4 = 0. Let n = 32 - a. What is the remainder when n is divided by p?
8
Let m = -53 + 87. Suppose 2*b = -b + 12. Suppose 4*f = 5*x - 115, b*f = -7 - 13. Calculate the remainder when m is divided by x.
15
Suppose 3*c = -4*f + 68, -c + 4*f + 38 - 10 = 0. Calculate the remainder when (-137020)/(-1950) + 8/(-30) is divided by c.
22
Suppose -85*g - 189 = -2059. What is the remainder when g is divided by 14?
8
Let y = -58 - -44. What is the remainder when 1/7 - (136/y)/2 is divided by 3?
2
Let f(i) = 5*i**3 + 5 - 4*i**3 - 10*i - 11*i**2 - i**3 + i**3. Let a be f(12). Suppose -4*m = -279 - a. Calculate the remainder when m is divided by 20.
17
Let t = -13 - -3. What is the remainder when 53 is divided by (1/(-3))/(t/420)?
11
Let q(s) = -2*s + 5. Let l be q(7). Calculate the remainder when 145*(-8)/12*l/15 is divided by 6.
4
Let m = 158 - 84. Calculate the remainder when 589 is divided by m.
71
Calculate the remainder when (357/15 - -1)/(12/420) is divided by 79.
78
Let p = 195 + -22. What is the remainder when p is divided by 11?
8
Suppose 2*b + 3*b + 10 = 0. Let n be 3/b*1220/(-30). Suppose 2*l - n = 13. What is the remainder when l is divided by 10?
7
Suppose 30*a - 498 - 432 = 0. What is the remainder when 53 is divided by a?
22
Let i = -141 + 207. Suppose 10*b - 14 = i. What is the remainder when 14 is divided by b?
6
Suppose -9 + 54 = g. Suppose 110*t = 80*t + 480. Calculate the remainder when g is divided by t.
13
Suppose 2*k - 1311 = -17*k. What is the remainder when k is divided by 26?
17
Let y be (14/(-14))/((-1)/37). Suppose 35*k + 150 = y*k. What is the remainder when k is divided by 20?
15
Suppose 998 = 15*g + 593. Calculate the remainder when 240 is divided by g.
24
Let m be 2 - (3 - -1 - 6). Let j(t) = 10*t + 8. Let u be j(m). What is the remainder when 7 is divided by (-38)/(-8) + 12/u?
2
Let z(h) = -6*h - h**2 - 1 - 1 - 6*h + 5. Let k be z(-12). Suppose 64 = 4*r + t, 0 = k*r - 4*t - 48. What is the remainder when r is divided by 6?
4
Let f(h) = 14*h + 138. What is the remainder when 103 is divided by f(-8)?
25
Let h = 12 - 12. Suppose -r + 8*r - 49 = h. Calculate the remainder when 27 is divided by r.
6
Let q(n) = n**3 - 14*n**2 - 26*n - 94. Calculate the remainder when 47 is divided by q(16).
1
Suppose -2*h + 46 = -3*m, 3*h = 6*h + 2*m - 43. Suppose -3*u = -79 - 2. Suppose -u = -3*w - 5*q + q, 3*q = 0. What is the remainder when h is divided by 